{"id":92,"date":"2020-08-22T21:38:13","date_gmt":"2020-08-22T21:38:13","guid":{"rendered":"http:\/\/www.hess.hr\/?page_id=92"},"modified":"2026-03-15T21:48:46","modified_gmt":"2026-03-15T21:48:46","slug":"onama","status":"publish","type":"page","link":"https:\/\/www.hess.hr\/en\/onama\/","title":{"rendered":"About Us"},"content":{"rendered":"<p>[et_pb_section fb_built=&#8221;1&#8243; _builder_version=&#8221;4.16&#8243; _module_preset=&#8221;default&#8221; background_color=&#8221;#1c1c1c&#8221; custom_margin_tablet=&#8221;&#8221; custom_margin_phone=&#8221;&#8221; custom_margin_last_edited=&#8221;on|desktop&#8221; custom_padding=&#8221;50px||30px|||&#8221; global_colors_info=&#8221;{}&#8221;][et_pb_row _builder_version=&#8221;4.16&#8243; _module_preset=&#8221;default&#8221; custom_padding=&#8221;35px|||||&#8221; global_colors_info=&#8221;{}&#8221;][et_pb_column type=&#8221;4_4&#8243; _builder_version=&#8221;4.16&#8243; _module_preset=&#8221;default&#8221; global_colors_info=&#8221;{}&#8221;][et_pb_text _builder_version=&#8221;4.16&#8243; _module_preset=&#8221;default&#8221; header_font=&#8221;SwissE|700|||||||&#8221; header_text_color=&#8221;#ffffff&#8221; header_font_size=&#8221;35px&#8221; header_2_font=&#8221;SwissBL|700|||||||&#8221; header_2_text_align=&#8221;left&#8221; header_2_letter_spacing=&#8221;1px&#8221; custom_margin=&#8221;||11px|||&#8221; header_font_size_tablet=&#8221;&#8221; header_font_size_phone=&#8221;28px&#8221; header_font_size_last_edited=&#8221;on|phone&#8221; global_colors_info=&#8221;{}&#8221;]<\/p>\n<h1>About Us<\/h1>\n<p>[\/et_pb_text][et_pb_divider color=&#8221;#b22323&#8243; divider_weight=&#8221;4px&#8221; _builder_version=&#8221;4.16&#8243; _module_preset=&#8221;default&#8221; width=&#8221;10%&#8221; width_tablet=&#8221;20%&#8221; width_phone=&#8221;25%&#8221; width_last_edited=&#8221;on|desktop&#8221; global_colors_info=&#8221;{}&#8221;][\/et_pb_divider][et_pb_text _builder_version=&#8221;4.16&#8243; _module_preset=&#8221;default&#8221; text_font=&#8221;SwissBL||||||||&#8221; text_text_color=&#8221;#cecece&#8221; text_font_size=&#8221;15px&#8221; global_colors_info=&#8221;{}&#8221;]<\/p>\n<p style=\"text-align: left;\">CeSF (Croatian eSports Federation) is a federation of esports associations that gather fans of electronic games and competitions.<\/p>\n<p style=\"text-align: left;\">CeSF takes care of promotion, popularization and regulation of esports in Croatia with the purpose of esports being recognized as a sport.<\/p>\n<p style=\"text-align: left;\">The Federation also provides competition and tournament organization support, organizes country level competitions and leagues and secures standardization through implementing and enforcing International eSports Federation (IeSF) rules.<\/p>\n<p style=\"text-align: left;\">Special causes for the Federation are raising awareness about video game influence on society and individuals as well as developing citizens' digital competence.<\/p>\n<p>[\/et_pb_text][\/et_pb_column][\/et_pb_row][\/et_pb_section][et_pb_section fb_built=&#8221;1&#8243; _builder_version=&#8221;4.16&#8243; _module_preset=&#8221;default&#8221; custom_padding=&#8221;60px||2px|||&#8221; top_divider_style=&#8221;asymmetric&#8221; top_divider_color=&#8221;#1c1c1c&#8221; top_divider_flip=&#8221;horizontal&#8221; global_colors_info=&#8221;{}&#8221;][et_pb_row _builder_version=&#8221;4.16&#8243; _module_preset=&#8221;default&#8221; custom_margin=&#8221;30px|auto||auto||&#8221; custom_padding=&#8221;30px||60px|||&#8221; global_colors_info=&#8221;{}&#8221;][et_pb_column type=&#8221;4_4&#8243; _builder_version=&#8221;4.16&#8243; _module_preset=&#8221;default&#8221; global_colors_info=&#8221;{}&#8221;][et_pb_text quote_border_weight=&#8221;8px&#8221; quote_border_color=&#8221;#b22323&#8243; _builder_version=&#8221;4.16&#8243; _module_preset=&#8221;default&#8221; text_font=&#8221;SwissE|700|||||||&#8221; text_text_color=&#8221;#262626&#8243; text_font_size=&#8221;22px&#8221; quote_font=&#8221;SwissE|700|||||||&#8221; quote_font_size=&#8221;22px&#8221; quote_line_height=&#8221;2em&#8221; header_font=&#8221;SwissE|700|||||||&#8221; header_text_color=&#8221;#ffffff&#8221; header_font_size=&#8221;35px&#8221; header_2_font=&#8221;SwissBL|700|||||||&#8221; header_2_text_align=&#8221;left&#8221; header_2_letter_spacing=&#8221;1px&#8221; header_3_font=&#8221;SwissE|700|||||||&#8221; custom_margin=&#8221;||11px|||&#8221; global_colors_info=&#8221;{}&#8221;]<\/p>\n<blockquote>\n<p>Digital competence<\/p>\n<\/blockquote>\n<p>[\/et_pb_text][et_pb_text _builder_version=&#8221;4.16&#8243; _module_preset=&#8221;default&#8221; text_font=&#8221;SwissBL||||||||&#8221; text_text_color=&#8221;#262626&#8243; text_font_size=&#8221;15px&#8221; text_line_height=&#8221;2em&#8221; header_font=&#8221;SwissBL||||||||&#8221; global_colors_info=&#8221;{}&#8221;]<\/p>\n<p style=\"text-align: left;\">Digital competence is a competence for lifelong education. It refers to the ability for safe and critical use of information-communication technology for use in personal and social life, education and in communication. Its key elements are information-communication skills and abilities: using the computer for finding, assessing, storing, creating, visualizing and exchanging information and developing collaborative networks via the Internet. It is one of eight foundational competences for lifelong education of the National curriculum framework.<\/p>\n<p>[\/et_pb_text][\/et_pb_column][\/et_pb_row][\/et_pb_section][et_pb_section fb_built=&#8221;1&#8243; _builder_version=&#8221;4.16&#8243; _module_preset=&#8221;default&#8221; background_color=&#8221;#1c1c1c&#8221; custom_padding=&#8221;30px||30px|||&#8221; global_colors_info=&#8221;{}&#8221;][et_pb_row _builder_version=&#8221;4.17.4&#8243; _module_preset=&#8221;default&#8221; custom_margin=&#8221;0px|auto||auto|false|false&#8221; custom_padding=&#8221;||0px||false|false&#8221; border_width_right=&#8221;8px&#8221; border_width_left=&#8221;8px&#8221; global_colors_info=&#8221;{}&#8221;][et_pb_column type=&#8221;4_4&#8243; _builder_version=&#8221;4.16&#8243; _module_preset=&#8221;default&#8221; global_colors_info=&#8221;{}&#8221;][et_pb_blurb title=&#8221;Luka Kulu\u0161i\u0107&#8221; use_icon=&#8221;on&#8221; font_icon=&#8221;&#xe08a;||divi||400&#8243; image_icon_width=&#8221;50px&#8221; font_icon_last_edited=&#8221;off|desktop&#8221; _builder_version=&#8221;4.17.4&#8243; _module_preset=&#8221;default&#8221; header_text_align=&#8221;center&#8221; header_text_color=&#8221;#cecece&#8221; body_font=&#8221;SwissBL|700|||||||&#8221; text_orientation=&#8221;center&#8221; animation=&#8221;off&#8221; hover_enabled=&#8221;0&#8243; icon_font_size=&#8221;50px&#8221; global_colors_info=&#8221;{}&#8221; font_icon__hover_enabled=&#8221;off|desktop&#8221; sticky_enabled=&#8221;0&#8243;]Predsjednik<br \/>\n<a href=\"https:\/\/#\"><span class=\"et-pb-icon et-pb-normal-icon\" style=\"font-size: 20px;\">\ue076<\/span><\/a> <a href=\"https:\/\/#\"><span class=\"et-pb-icon et-pb-normal-icon\" style=\"font-size: 20px;\">\ue0cb<\/span><\/a> <a href=\"https:\/\/#\"><span class=\"et-pb-icon et-pb-normal-icon\" style=\"font-size: 20px;\">\ue0c8<\/span><\/a>[\/et_pb_blurb][\/et_pb_column][\/et_pb_row][et_pb_row column_structure=&#8221;1_3,1_3,1_3&#8243; _builder_version=&#8221;4.17.4&#8243; _module_preset=&#8221;default&#8221; custom_margin=&#8221;-2px|auto||auto||&#8221; custom_margin_tablet=&#8221;-2px|auto||auto||&#8221; custom_margin_phone=&#8221;-2px|auto||auto||&#8221; custom_margin_last_edited=&#8221;on|phone&#8221; custom_padding=&#8221;45px||29px|||&#8221; border_width_right=&#8221;8px&#8221; border_width_left=&#8221;8px&#8221; global_colors_info=&#8221;{}&#8221;][et_pb_column type=&#8221;1_3&#8243; _builder_version=&#8221;4.16&#8243; _module_preset=&#8221;default&#8221; global_colors_info=&#8221;{}&#8221;][et_pb_blurb title=&#8221;Nikola Stolnik&#8221; use_icon=&#8221;on&#8221; font_icon=&#8221;&#xe08a;||divi||400&#8243; image_icon_width=&#8221;50px&#8221; font_icon_last_edited=&#8221;off|desktop&#8221; _builder_version=&#8221;4.17.4&#8243; _module_preset=&#8221;default&#8221; header_text_align=&#8221;center&#8221; header_text_color=&#8221;#cecece&#8221; body_font=&#8221;SwissBL|700|||||||&#8221; text_orientation=&#8221;center&#8221; animation=&#8221;off&#8221; hover_enabled=&#8221;0&#8243; icon_font_size=&#8221;50px&#8221; global_colors_info=&#8221;{}&#8221; font_icon__hover_enabled=&#8221;off|desktop&#8221; icon_color__hover_enabled=&#8221;on|desktop&#8221; sticky_enabled=&#8221;0&#8243;]Dopredsjednik<br \/>\n<a href=\"https:\/\/#\"><span class=\"et-pb-icon et-pb-normal-icon\" style=\"font-size: 20px;\">\ue076<\/span><\/a> <a href=\"https:\/\/#\"><span class=\"et-pb-icon et-pb-normal-icon\" style=\"font-size: 20px;\">\ue0cb<\/span><\/a> <a href=\"https:\/\/#\"><span class=\"et-pb-icon et-pb-normal-icon\" style=\"font-size: 20px;\">\ue0c8<\/span><\/a>[\/et_pb_blurb][\/et_pb_column][et_pb_column type=&#8221;1_3&#8243; _builder_version=&#8221;4.17.4&#8243; _module_preset=&#8221;default&#8221; global_colors_info=&#8221;{}&#8221;][et_pb_blurb title=&#8221;Jan Mikuli\u010di\u0107&#8221; use_icon=&#8221;on&#8221; font_icon=&#8221;&#xe08a;||divi||400&#8243; image_icon_width=&#8221;50px&#8221; font_icon_last_edited=&#8221;off|desktop&#8221; _builder_version=&#8221;4.17.4&#8243; _module_preset=&#8221;default&#8221; header_text_align=&#8221;center&#8221; header_text_color=&#8221;#cecece&#8221; body_font=&#8221;SwissBL|700|||||||&#8221; text_orientation=&#8221;center&#8221; animation=&#8221;off&#8221; hover_enabled=&#8221;0&#8243; icon_font_size=&#8221;50px&#8221; global_colors_info=&#8221;{}&#8221; font_icon__hover_enabled=&#8221;off|desktop&#8221; icon_color__hover_enabled=&#8221;on|desktop&#8221; sticky_enabled=&#8221;0&#8243;]Dopredsjednik<br \/>\n<a href=\"https:\/\/#\"><span class=\"et-pb-icon et-pb-normal-icon\" style=\"font-size: 20px;\">\ue076<\/span><\/a> <a href=\"https:\/\/#\"><span class=\"et-pb-icon et-pb-normal-icon\" style=\"font-size: 20px;\">\ue0cb<\/span><\/a> <a href=\"https:\/\/#\"><span class=\"et-pb-icon et-pb-normal-icon\" style=\"font-size: 20px;\">\ue0c8<\/span><\/a>[\/et_pb_blurb][et_pb_blurb title=&#8221;Juraj Domac &#8221; use_icon=&#8221;on&#8221; font_icon=&#8221;&#xe08a;||divi||400&#8243; image_icon_width=&#8221;50px&#8221; font_icon_last_edited=&#8221;off|desktop&#8221; _builder_version=&#8221;4.17.4&#8243; _module_preset=&#8221;default&#8221; header_text_align=&#8221;center&#8221; header_text_color=&#8221;#cecece&#8221; body_font=&#8221;SwissBL|700|||||||&#8221; text_orientation=&#8221;center&#8221; animation=&#8221;off&#8221; hover_enabled=&#8221;0&#8243; icon_font_size=&#8221;50px&#8221; global_colors_info=&#8221;{}&#8221; font_icon__hover_enabled=&#8221;off|desktop&#8221; sticky_enabled=&#8221;0&#8243;]Glavni Tajnik<br \/>\n<a href=\"https:\/\/#\"><span class=\"et-pb-icon et-pb-normal-icon\" style=\"font-size: 20px;\">\ue076<\/span><\/a> <a href=\"https:\/\/#\"><span class=\"et-pb-icon et-pb-normal-icon\" style=\"font-size: 20px;\">\ue0cb<\/span><\/a> <a href=\"https:\/\/#\"><span class=\"et-pb-icon et-pb-normal-icon\" style=\"font-size: 20px;\">\ue0c8<\/span><\/a>[\/et_pb_blurb][\/et_pb_column][et_pb_column type=&#8221;1_3&#8243; _builder_version=&#8221;4.17.4&#8243; _module_preset=&#8221;default&#8221; global_colors_info=&#8221;{}&#8221;][et_pb_blurb title=&#8221;Leonardo Bujas&#8221; use_icon=&#8221;on&#8221; font_icon=&#8221;&#xe08a;||divi||400&#8243; image_icon_width=&#8221;50px&#8221; font_icon_last_edited=&#8221;off|desktop&#8221; _builder_version=&#8221;4.17.4&#8243; _module_preset=&#8221;default&#8221; header_text_align=&#8221;center&#8221; header_text_color=&#8221;#cecece&#8221; body_font=&#8221;SwissBL|700|||||||&#8221; text_orientation=&#8221;center&#8221; animation=&#8221;off&#8221; hover_enabled=&#8221;0&#8243; icon_font_size=&#8221;50px&#8221; global_colors_info=&#8221;{}&#8221; font_icon__hover_enabled=&#8221;off|desktop&#8221; sticky_enabled=&#8221;0&#8243;]Dopredsjednik<br \/>\n<a href=\"https:\/\/#\"><span class=\"et-pb-icon et-pb-normal-icon\" style=\"font-size: 20px;\">\ue076<\/span><\/a> <a href=\"https:\/\/#\"><span class=\"et-pb-icon et-pb-normal-icon\" style=\"font-size: 20px;\">\ue0cb<\/span><\/a> <a href=\"https:\/\/#\"><span class=\"et-pb-icon et-pb-normal-icon\" style=\"font-size: 20px;\">\ue0c8<\/span><\/a>[\/et_pb_blurb][\/et_pb_column][\/et_pb_row][\/et_pb_section]<\/p>","protected":false},"excerpt":{"rendered":"<p>O namaHeSS (Hrvatski eSport Savez) je savez esport klubova (udruga) koji okupljaju ljubitelje elektroni\u010dkih igara i natjecanja. HeSS se bavi promocijom, popularizacijom i regulacijom esporta u RH s ciljem da se esport prepozna kao sport. Savez tako\u0111er pru\u017ea sustavnu podr\u0161ku pri organiziranju natjecanja i turnira, organizira dr\u017eavna natjecanja i lige te osigurava standardizaciju kroz uvo\u0111enje [&hellip;]<\/p>","protected":false},"author":1,"featured_media":0,"parent":0,"menu_order":0,"comment_status":"closed","ping_status":"closed","template":"","meta":{"_et_pb_use_builder":"on","_et_pb_old_content":"","_et_gb_content_width":""},"_links":{"self":[{"href":"https:\/\/www.hess.hr\/en\/wp-json\/wp\/v2\/pages\/92"}],"collection":[{"href":"https:\/\/www.hess.hr\/en\/wp-json\/wp\/v2\/pages"}],"about":[{"href":"https:\/\/www.hess.hr\/en\/wp-json\/wp\/v2\/types\/page"}],"author":[{"embeddable":true,"href":"https:\/\/www.hess.hr\/en\/wp-json\/wp\/v2\/users\/1"}],"replies":[{"embeddable":true,"href":"https:\/\/www.hess.hr\/en\/wp-json\/wp\/v2\/comments?post=92"}],"version-history":[{"count":37,"href":"https:\/\/www.hess.hr\/en\/wp-json\/wp\/v2\/pages\/92\/revisions"}],"predecessor-version":[{"id":559,"href":"https:\/\/www.hess.hr\/en\/wp-json\/wp\/v2\/pages\/92\/revisions\/559"}],"wp:attachment":[{"href":"https:\/\/www.hess.hr\/en\/wp-json\/wp\/v2\/media?parent=92"}],"curies":[{"name":"wp","href":"https:\/\/api.w.org\/{rel}","templated":true}]}}

<p>[et_pb_section fb_built=&#8221;1&#8243; _builder_version=&#8221;4.16&#8243; _module_preset=&#8221;default&#8221; background_color=&#8221;#1c1c1c&#8221; custom_margin_tablet=&#8221;&#8221; custom_margin_phone=&#8221;&#8221; custom_margin_last_edited=&#8221;on|desktop&#8221; custom_padding=&#8221;50px||30px|||&#8221; global_colors_info=&#8221;{}&#8221;][et_pb_row _builder_version=&#8221;4.16&#8243; _module_preset=&#8221;default&#8221; custom_padding=&#8221;35px|||||&#8221; global_colors_info=&#8221;{}&#8221;][et_pb_column type=&#8221;4_4&#8243; _builder_version=&#8221;4.16&#8243; _module_preset=&#8221;default&#8221; global_colors_info=&#8221;{}&#8221;][et_pb_text _builder_version=&#8221;4.16&#8243; _module_preset=&#8221;default&#8221; header_font=&#8221;SwissE|700|||||||&#8221; header_text_color=&#8221;#ffffff&#8221; header_font_size=&#8221;35px&#8221; header_2_font=&#8221;SwissBL|700|||||||&#8221; header_2_text_align=&#8221;left&#8221; header_2_letter_spacing=&#8221;1px&#8221; custom_margin=&#8221;||11px|||&#8221; header_font_size_tablet=&#8221;&#8221; header_font_size_phone=&#8221;28px&#8221; header_font_size_last_edited=&#8221;on|phone&#8221; global_colors_info=&#8221;{}&#8221;]</p>
<h1>About Us</h1>
<p>[/et_pb_text][et_pb_divider color=&#8221;#b22323&#8243; divider_weight=&#8221;4px&#8221; _builder_version=&#8221;4.16&#8243; _module_preset=&#8221;default&#8221; width=&#8221;10%&#8221; width_tablet=&#8221;20%&#8221; width_phone=&#8221;25%&#8221; width_last_edited=&#8221;on|desktop&#8221; global_colors_info=&#8221;{}&#8221;][/et_pb_divider][et_pb_text _builder_version=&#8221;4.16&#8243; _module_preset=&#8221;default&#8221; text_font=&#8221;SwissBL||||||||&#8221; text_text_color=&#8221;#cecece&#8221; text_font_size=&#8221;15px&#8221; global_colors_info=&#8221;{}&#8221;]</p>
<p style="text-align: left;">CeSF (Croatian eSports Federation) is a federation of esports associations that gather fans of electronic games and competitions.</p>
<p style="text-align: left;">CeSF takes care of promotion, popularization and regulation of esports in Croatia with the purpose of esports being recognized as a sport.</p>
<p style="text-align: left;">The Federation also provides competition and tournament organization support, organizes country level competitions and leagues and secures standardization through implementing and enforcing International eSports Federation (IeSF) rules.</p>
<p style="text-align: left;">Special causes for the Federation are raising awareness about video game influence on society and individuals as well as developing citizens' digital competence.</p>
<p>[/et_pb_text][/et_pb_column][/et_pb_row][/et_pb_section][et_pb_section fb_built=&#8221;1&#8243; _builder_version=&#8221;4.16&#8243; _module_preset=&#8221;default&#8221; custom_padding=&#8221;60px||2px|||&#8221; top_divider_style=&#8221;asymmetric&#8221; top_divider_color=&#8221;#1c1c1c&#8221; top_divider_flip=&#8221;horizontal&#8221; global_colors_info=&#8221;{}&#8221;][et_pb_row _builder_version=&#8221;4.16&#8243; _module_preset=&#8221;default&#8221; custom_margin=&#8221;30px|auto||auto||&#8221; custom_padding=&#8221;30px||60px|||&#8221; global_colors_info=&#8221;{}&#8221;][et_pb_column type=&#8221;4_4&#8243; _builder_version=&#8221;4.16&#8243; _module_preset=&#8221;default&#8221; global_colors_info=&#8221;{}&#8221;][et_pb_text quote_border_weight=&#8221;8px&#8221; quote_border_color=&#8221;#b22323&#8243; _builder_version=&#8221;4.16&#8243; _module_preset=&#8221;default&#8221; text_font=&#8221;SwissE|700|||||||&#8221; text_text_color=&#8221;#262626&#8243; text_font_size=&#8221;22px&#8221; quote_font=&#8221;SwissE|700|||||||&#8221; quote_font_size=&#8221;22px&#8221; quote_line_height=&#8221;2em&#8221; header_font=&#8221;SwissE|700|||||||&#8221; header_text_color=&#8221;#ffffff&#8221; header_font_size=&#8221;35px&#8221; header_2_font=&#8221;SwissBL|700|||||||&#8221; header_2_text_align=&#8221;left&#8221; header_2_letter_spacing=&#8221;1px&#8221; header_3_font=&#8221;SwissE|700|||||||&#8221; custom_margin=&#8221;||11px|||&#8221; global_colors_info=&#8221;{}&#8221;]</p>
<blockquote>
<p>Digital competence</p>
</blockquote>
<p>[/et_pb_text][et_pb_text _builder_version=&#8221;4.16&#8243; _module_preset=&#8221;default&#8221; text_font=&#8221;SwissBL||||||||&#8221; text_text_color=&#8221;#262626&#8243; text_font_size=&#8221;15px&#8221; text_line_height=&#8221;2em&#8221; header_font=&#8221;SwissBL||||||||&#8221; global_colors_info=&#8221;{}&#8221;]</p>
<p style="text-align: left;">Digital competence is a competence for lifelong education. It refers to the ability for safe and critical use of information-communication technology for use in personal and social life, education and in communication. Its key elements are information-communication skills and abilities: using the computer for finding, assessing, storing, creating, visualizing and exchanging information and developing collaborative networks via the Internet. It is one of eight foundational competences for lifelong education of the National curriculum framework.</p>
<p>[/et_pb_text][/et_pb_column][/et_pb_row][/et_pb_section][et_pb_section fb_built=&#8221;1&#8243; _builder_version=&#8221;4.16&#8243; _module_preset=&#8221;default&#8221; background_color=&#8221;#1c1c1c&#8221; custom_padding=&#8221;30px||30px|||&#8221; global_colors_info=&#8221;{}&#8221;][et_pb_row _builder_version=&#8221;4.17.4&#8243; _module_preset=&#8221;default&#8221; custom_margin=&#8221;0px|auto||auto|false|false&#8221; custom_padding=&#8221;||0px||false|false&#8221; border_width_right=&#8221;8px&#8221; border_width_left=&#8221;8px&#8221; global_colors_info=&#8221;{}&#8221;][et_pb_column type=&#8221;4_4&#8243; _builder_version=&#8221;4.16&#8243; _module_preset=&#8221;default&#8221; global_colors_info=&#8221;{}&#8221;][et_pb_blurb title=&#8221;Luka Kulušić&#8221; use_icon=&#8221;on&#8221; font_icon=&#8221;&#xe08a;||divi||400&#8243; image_icon_width=&#8221;50px&#8221; font_icon_last_edited=&#8221;off|desktop&#8221; _builder_version=&#8221;4.17.4&#8243; _module_preset=&#8221;default&#8221; header_text_align=&#8221;center&#8221; header_text_color=&#8221;#cecece&#8221; body_font=&#8221;SwissBL|700|||||||&#8221; text_orientation=&#8221;center&#8221; animation=&#8221;off&#8221; hover_enabled=&#8221;0&#8243; icon_font_size=&#8221;50px&#8221; global_colors_info=&#8221;{}&#8221; font_icon__hover_enabled=&#8221;off|desktop&#8221; sticky_enabled=&#8221;0&#8243;]Predsjednik<br />
<a href="https://#"><span class="et-pb-icon et-pb-normal-icon" style="font-size: 20px;"></span></a> <a href="https://#"><span class="et-pb-icon et-pb-normal-icon" style="font-size: 20px;"></span></a> <a href="https://#"><span class="et-pb-icon et-pb-normal-icon" style="font-size: 20px;"></span></a>[/et_pb_blurb][/et_pb_column][/et_pb_row][et_pb_row column_structure=&#8221;1_3,1_3,1_3&#8243; _builder_version=&#8221;4.17.4&#8243; _module_preset=&#8221;default&#8221; custom_margin=&#8221;-2px|auto||auto||&#8221; custom_margin_tablet=&#8221;-2px|auto||auto||&#8221; custom_margin_phone=&#8221;-2px|auto||auto||&#8221; custom_margin_last_edited=&#8221;on|phone&#8221; custom_padding=&#8221;45px||29px|||&#8221; border_width_right=&#8221;8px&#8221; border_width_left=&#8221;8px&#8221; global_colors_info=&#8221;{}&#8221;][et_pb_column type=&#8221;1_3&#8243; _builder_version=&#8221;4.16&#8243; _module_preset=&#8221;default&#8221; global_colors_info=&#8221;{}&#8221;][et_pb_blurb title=&#8221;Nikola Stolnik&#8221; use_icon=&#8221;on&#8221; font_icon=&#8221;&#xe08a;||divi||400&#8243; image_icon_width=&#8221;50px&#8221; font_icon_last_edited=&#8221;off|desktop&#8221; _builder_version=&#8221;4.17.4&#8243; _module_preset=&#8221;default&#8221; header_text_align=&#8221;center&#8221; header_text_color=&#8221;#cecece&#8221; body_font=&#8221;SwissBL|700|||||||&#8221; text_orientation=&#8221;center&#8221; animation=&#8221;off&#8221; hover_enabled=&#8221;0&#8243; icon_font_size=&#8221;50px&#8221; global_colors_info=&#8221;{}&#8221; font_icon__hover_enabled=&#8221;off|desktop&#8221; icon_color__hover_enabled=&#8221;on|desktop&#8221; sticky_enabled=&#8221;0&#8243;]Dopredsjednik<br />
<a href="https://#"><span class="et-pb-icon et-pb-normal-icon" style="font-size: 20px;"></span></a> <a href="https://#"><span class="et-pb-icon et-pb-normal-icon" style="font-size: 20px;"></span></a> <a href="https://#"><span class="et-pb-icon et-pb-normal-icon" style="font-size: 20px;"></span></a>[/et_pb_blurb][/et_pb_column][et_pb_column type=&#8221;1_3&#8243; _builder_version=&#8221;4.17.4&#8243; _module_preset=&#8221;default&#8221; global_colors_info=&#8221;{}&#8221;][et_pb_blurb title=&#8221;Jan Mikuličić&#8221; use_icon=&#8221;on&#8221; font_icon=&#8221;&#xe08a;||divi||400&#8243; image_icon_width=&#8221;50px&#8221; font_icon_last_edited=&#8221;off|desktop&#8221; _builder_version=&#8221;4.17.4&#8243; _module_preset=&#8221;default&#8221; header_text_align=&#8221;center&#8221; header_text_color=&#8221;#cecece&#8221; body_font=&#8221;SwissBL|700|||||||&#8221; text_orientation=&#8221;center&#8221; animation=&#8221;off&#8221; hover_enabled=&#8221;0&#8243; icon_font_size=&#8221;50px&#8221; global_colors_info=&#8221;{}&#8221; font_icon__hover_enabled=&#8221;off|desktop&#8221; icon_color__hover_enabled=&#8221;on|desktop&#8221; sticky_enabled=&#8221;0&#8243;]Dopredsjednik<br />
<a href="https://#"><span class="et-pb-icon et-pb-normal-icon" style="font-size: 20px;"></span></a> <a href="https://#"><span class="et-pb-icon et-pb-normal-icon" style="font-size: 20px;"></span></a> <a href="https://#"><span class="et-pb-icon et-pb-normal-icon" style="font-size: 20px;"></span></a>[/et_pb_blurb][et_pb_blurb title=&#8221;Juraj Domac &#8221; use_icon=&#8221;on&#8221; font_icon=&#8221;&#xe08a;||divi||400&#8243; image_icon_width=&#8221;50px&#8221; font_icon_last_edited=&#8221;off|desktop&#8221; _builder_version=&#8221;4.17.4&#8243; _module_preset=&#8221;default&#8221; header_text_align=&#8221;center&#8221; header_text_color=&#8221;#cecece&#8221; body_font=&#8221;SwissBL|700|||||||&#8221; text_orientation=&#8221;center&#8221; animation=&#8221;off&#8221; hover_enabled=&#8221;0&#8243; icon_font_size=&#8221;50px&#8221; global_colors_info=&#8221;{}&#8221; font_icon__hover_enabled=&#8221;off|desktop&#8221; sticky_enabled=&#8221;0&#8243;]Glavni Tajnik<br />
<a href="https://#"><span class="et-pb-icon et-pb-normal-icon" style="font-size: 20px;"></span></a> <a href="https://#"><span class="et-pb-icon et-pb-normal-icon" style="font-size: 20px;"></span></a> <a href="https://#"><span class="et-pb-icon et-pb-normal-icon" style="font-size: 20px;"></span></a>[/et_pb_blurb][/et_pb_column][et_pb_column type=&#8221;1_3&#8243; _builder_version=&#8221;4.17.4&#8243; _module_preset=&#8221;default&#8221; global_colors_info=&#8221;{}&#8221;][et_pb_blurb title=&#8221;Leonardo Bujas&#8221; use_icon=&#8221;on&#8221; font_icon=&#8221;&#xe08a;||divi||400&#8243; image_icon_width=&#8221;50px&#8221; font_icon_last_edited=&#8221;off|desktop&#8221; _builder_version=&#8221;4.17.4&#8243; _module_preset=&#8221;default&#8221; header_text_align=&#8221;center&#8221; header_text_color=&#8221;#cecece&#8221; body_font=&#8221;SwissBL|700|||||||&#8221; text_orientation=&#8221;center&#8221; animation=&#8221;off&#8221; hover_enabled=&#8221;0&#8243; icon_font_size=&#8221;50px&#8221; global_colors_info=&#8221;{}&#8221; font_icon__hover_enabled=&#8221;off|desktop&#8221; sticky_enabled=&#8221;0&#8243;]Dopredsjednik<br />
<a href="https://#"><span class="et-pb-icon et-pb-normal-icon" style="font-size: 20px;"></span></a> <a href="https://#"><span class="et-pb-icon et-pb-normal-icon" style="font-size: 20px;"></span></a> <a href="https://#"><span class="et-pb-icon et-pb-normal-icon" style="font-size: 20px;"></span></a>[/et_pb_blurb][/et_pb_column][/et_pb_row][/et_pb_section]</p>

<p>O namaHeSS (Hrvatski eSport Savez) je savez esport klubova (udruga) koji okupljaju ljubitelje elektroničkih igara i natjecanja. HeSS se bavi promocijom, popularizacijom i regulacijom esporta u RH s ciljem da se esport prepozna kao sport. Savez također pruža sustavnu podršku pri organiziranju natjecanja i turnira, organizira državna natjecanja i lige te osigurava standardizaciju kroz uvođenje [&hellip;]</p>
